5?
615
What is the greatest common divisor of 23345940 and 4180?
20
Calculate the greatest common factor of 1413900 and 1548.
36
Calculate the highest common divisor of 1022412 and 504.
12
What is the greatest common divisor of 10538 and 133474?
22
Calculate the highest common divisor of 416497158 and 2156.
1078
Calculate the highest common factor of 11319 and 21428.
11
What is the highest common divisor of 2483 and 3557333?
13
What is the greatest common divisor of 15 and 276639765?
15
What is the highest common factor of 4991200 and 1578467?
6239
Calculate the greatest common factor of 185875797 and 14292.
1191
What is the greatest common factor of 287 and 14928?
1
Calculate the highest common factor of 13629 and 12453189.
1239
What is the highest common factor of 170884 and 754222?
238
Calculate the highest common divisor of 224 and 513568.
32
What is the highest common factor of 5610 and 75394?
22
What is the greatest common factor of 45 and 15626871?
9
Calculate the highest common factor of 1 and 637986.
1
What is the greatest common factor of 328138580 and 22?
22
Calculate the highest common divisor of 5 and 856605.
5
What is the greatest common divisor of 72442097 and 91?
91
What is the greatest common factor of 1739 and 3471821?
37
What is the greatest common factor of 19856 and 503744?
272
What is the greatest common factor of 966260 and 2240?
20
What is the greatest common factor of 250470 and 24210?
90
Calculate the greatest common divisor of 299935 and 25199.
223
Calculate the highest common factor of 517477 and 178204.
3427
What is the greatest common factor of 4753 and 5629589?
679
Calculate the greatest common divisor of 372840 and 1201590.
390
What is the highest common factor of 1919 and 1200367123?
1919
Calculate the greatest common divisor of 12675 and 928317.
507
Calculate the greatest common divisor of 2208 and 446752.
736
Calculate the highest common factor of 42587584 and 884.
884
Calculate the highest common divisor of 4652 and 128526619.
1163
What is the highest common factor of 19036974 and 11?
11
Calculate the highest common divisor of 11 and 74603859.
11
What is the highest common factor of 1471575 and 206745?
105
Calculate the highest common divisor of 263289 and 838851.
6123
Calculate the greatest common factor of 33739818 and 1392.
174
Calculate the greatest common divisor of 1 and 2057073.
1
Calculate the highest common divisor of 2111306031 and 9.
9
What is the highest common factor of 2343424 and 303232?
2944
Calculate the greatest common factor of 282704698 and 2602.
2602
Calculate the highest common factor of 6258054 and 638.
22
Calculate the highest common factor of 3627 and 3115996.
403
What is the greatest common factor of 15801 and 299471086?
5267
What is the highest common factor of 60827 and 18551?
13
Calculate the greatest common divisor of 40527 and 54492.
57
What is the greatest common divisor of 7447473 and 1089?
99
Calculate the highest common divisor of 39566268 and 297.
9
What is the highest common factor of 891683 and 17603?
607
What is the greatest common factor of 2880 and 44927595?
45
What is the greatest common divisor of 1137882 and 18577782?
5718
What is the greatest common factor of 9244 and 25913243?
2311
What is the greatest common factor of 923740 and 340?
20
Calculate the greatest common divisor of 234260442 and 68.
34
Calculate the highest common divisor of 31024540 and 4479.
1493
Calculate the highest common divisor of 338957640 and 1400.
280
Calculate the highest common factor of 12834666 and 90.
18
What is the highest common factor of 295367400 and 7200?
1800
Calculate the greatest common divisor of 128430258 and 330.
66
What is the highest common factor of 1329 and 60119530?
443
Calculate the highest common factor of 12188 and 81178728.
1108
Calculate the greatest common factor of 9707185 and 930.
155
What is the greatest common divisor of 1530 and 1214910?
90
What is the greatest common factor of 84 and 506838976?
28
Calculate the highest common divisor of 65907 and 12622411.
2441
What is the greatest common divisor of 1059900 and 4380?
60
Calculate the greatest common divisor of 38425 and 7793025.
725
What is the highest common divisor of 7545840 and 12?
12
What is the highest common divisor of 1276 and 81215167?
319
Calculate the greatest common factor of 3644 and 611204476.
3644
What is the greatest common factor of 9600 and 14520600?
600
What is the highest common factor of 220 and 314424220?
220
What is the highest common divisor of 50337568 and 34144?
3104
Calculate the highest common divisor of 51311183 and 616.
77
What is the highest common divisor of 98539 and 6220023?
2011
Calculate the greatest common factor of 6 and 84012702.
6
What is the highest common factor of 1260020 and 8539020?
5020
Calculate the highest common divisor of 21252 and 28728564.
276
What is the greatest common divisor of 7688 and 24776?
8
What is the highest common divisor of 204079 and 300541?
23
Calculate the highest common divisor of 940 and 18140.
20
Calculate the highest common factor of 2178176 and 76648.
1144
What is the greatest common divisor of 378 and 291839058?
378
What is the greatest common divisor of 979581488 and 464?
464
Calculate the greatest common factor of 1110 and 721539516.
222
Calculate the greatest common factor of 22701 and 15251829.
3243
What is the greatest common divisor of 2865646 and 8848?
1106
Calculate the highest common factor of 16225 and 550175.
1475
What is the greatest common factor of 21731970 and 130?
130
Calculate the greatest common divisor of 634111080 and 40.
40
What is the highest common factor of 2569 and 67318076?
2569
What is the greatest common factor of 344888 and 2185?
19
Calculate the greatest common divisor of 3721512 and 174928.
232
What is the greatest common divisor of 17969685 and 28740?
7185
Calculate the highest common factor of 130945980 and 15.
15
Calculate the greatest common divisor of 3915272 and 5168.
8
Calculate the highest common divisor of 37079 and 11186.
7
Calculate the greatest common factor of 427 and 3911942993.
427
Calculate the highest common factor of 11864 and 180850367.
1483
What is the greatest common divisor of 65214461 and 8177?
481
What is the highest common divisor of 2297569 and 669?
223
Calculate the greatest common divisor of 818499 and 68442.
561
Calculate the greatest common divisor of 139531 and 775.
31
Calculate the highest common factor of 52632 and 16100496.
1224
Calculate the greatest common divisor of 207 and 1464777.
9
Calculate the highest common divisor of 3447662 and 813.
271
What is the greatest common divisor of 155261533 and 35?
7
What is the highest common divisor of 17434 and 62974?
46
What is the greatest common factor of 98901109 and 739?
739
Calculate the highest common factor of 399037 and 848.
53
What is the greatest common divisor of 6009 and 2490?
3
Calculate the highest common divisor of 188508 and 1027232.
2732
What is the highest common factor of 101664 and 28261533?
1059
Calculate the highest common divisor of 27467616 and 14763.
2109
What is the greatest common divisor of 52 and 363125490?
26
Calculate the highest common factor of 5852 and 14026408.
836
Calculate the highest common divisor of 29908428 and 528.
132
Calculate the highest common divisor of 104 and 137565688.
104
Calculate the greatest common divisor of 5131 and 1817107.
733
Calculate the highest common divisor of 76623837 and 111096.
4629
What is the greatest common divisor of 1027 and 4059178?
79
Calculate the greatest common divisor of 495683 and 649881.
163
Calculate the highest common divisor of 832 and 4243408.
208
What is the greatest common divisor of 2944 and 33396?
92
What is the highest common divisor of 592655 and 7?
7
What is the greatest common divisor of 176904 and 6190002?
1638
Calculate the greatest common factor of 30612869 and 51.
17
Calculate the greatest common factor of 17202 and 282846.
282
What is the greatest common divisor of 73251560 and 200?
40
Calculate the greatest common divisor of 266124 and 477777.
201
Calculate the highest common factor of 2287 and 55038942.
2287
What is the highest common factor of 6753861 and 4698?
81
What is the highest common divisor of 14779380 and 462?
462
Wha